*z + 23*z - y. List the prime factors of z.
5
Let u(p) = -2*p - 6. Let n be u(-7). Suppose 3*l = -l + n. Suppose 3*o + 58 = 4*r - 27, 0 = -l*r + o + 43. What are the prime factors of r?
2, 11
Suppose -7*p + 1366 + 2288 = 0. List the prime factors of p.
2, 3, 29
Suppose -1223 = -27*c + 25*c - 5*k, 2464 = 4*c + 4*k. List the prime factors of c.
619
Let x be 2*(217 + -2 + 3). Suppose -442 - x = -4*s + i, 10 = -5*i. What are the prime factors of s?
3, 73
Suppose -41 = -14*a + 15. Suppose -a*i + 3*i = z - 139, 0 = i - 3*z - 131. What are the prime factors of i?
137
Suppose 0 = 5*a + 217 - 967. Let g = a - 83. What are the prime factors of g?
67
Let o(k) = -2*k + 5. Let z be o(6). Let q be z/((-28)/(-8)) + 320. Suppose -7*v + q = -v. What are the prime factors of v?
53
What are the prime factors of -12 - -3003 - (2 - 8)?
3, 37
Let g(f) = -30*f + 3. Let d(i) = -120*i + 11. Let p(m) = 2*d(m) - 9*g(m). Let r be p(2). Let u = -39 + r. List the prime factors of u.
2
Let a be (-1 + 2)/(4/8). Let k(q) = -q + a + 1 + 2 - 4*q. What are the prime factors of k(-4)?
5
Let b(c) = -3*c**2 + 2. Let v be (-12)/(-54) + (-40)/18. Let q be b(v). List the prime factors of ((-8)/5)/(1/q).
2
Let l = 31 + -27. Suppose s = -2*n + 431, -3*n + 972 = l*s + 323. What are the prime factors of n?
5, 43
Let u(d) be the first derivative of d**3/3 - 2*d**2 - 8*d - 2. Suppose -4 = -4*g + 3*q + 2*q, 3*q = g + 6. List the prime factors of u(g).
2
What are the prime factors of 4390/8 + (-8)/(-32)?
3, 61
Let w be 110/25 - 4/10. Suppose 3*l - 55 = -2*p + 18, -97 = -4*l - 3*p. Suppose w - l = -k. What are the prime factors of k?
3, 7
Suppose -4*d + 369 = 3*w - 983, -3 = 3*d. What are the prime factors of w?
2, 113
Let t(z) = 45*z - 888. What are the prime factors of t(43)?
3, 349
Let h = -3 + 3. Suppose -p + 121 + 0 = h. What are the prime factors of p?
11
Let s(h) = -5*h + 16. Let t(u) be the third derivative of -u**4/24 - u**3/6 + 7*u**2. Let a(f) = -s(f) - 3*t(f). What are the prime factors of a(7)?
43
Let z be (-652)/2*(-2 + 1). Suppose 0 = -5*p + z - 31. What are the prime factors of p?
59
Suppose 48 = -4*k - 68. Let s be 116/3*(-57)/(-76). Let b = s - k. List the prime factors of b.
2, 29
Suppose 6*s = 4*s + 30. Suppose s*n = 16*n - 50. Let i = -36 + n. List the prime factors of i.
2, 7
Let o(f) = 6*f + 5. Let b be o(-3). Let r = -10 - b. Suppose 2*l = 2*x + 160, -4*l - r*x + 181 = -111. What are the prime factors of l?
2, 19
Let d = -11 + 13. Suppose -d*z = -59 - 25. Let h = 69 - z. List the prime factors of h.
3
Suppose -5*l = -4*j + 51, 7*j - 9*j - l + 15 = 0. Let i be 1/4 + (-29)/4. Let k = i + j. What are the prime factors of k?
2
Suppose -p = -4*s - 18, -p + 66 = p - 2*s. Suppose 4*t + 2 = 4*g + p, -29 = -3*t + 5*g. What are the prime factors of t?
2
Let j be (4 - 2)/((-3)/18). Let o be (-2)/(4/6) + 1. List the prime factors of (-2)/o - j/4.
2
Let v be 6*(22/4 - 4). Let s(r) = -r**3 + 11*r**2 - 12*r - 12. What are the prime factors of s(v)?
2, 3, 7
Let t be (-3)/(-4) + 444/(-16) + 2. Let u = 103 + t. List the prime factors of u.
2, 3, 13
Let c be 2/4*(-1 - -9). Suppose 31 + 5 = 2*m - c*j, -5*j = -m + 12. What are the prime factors of m?
2, 11
Let v = 1258 - -608. List the prime factors of v.
2, 3, 311
Let b(v) = -v**2 - 14*v - 1. Let l(j) = j**3 + 10*j**2 + 8*j - 6. Let o be l(-9). Let d = o - 11. What are the prime factors of b(d)?
47
Suppose -f = 3*d + 3*f - 201, 3*f = -4*d + 275. List the prime factors of d.
71
Suppose 994 = -a + 8*a. What are the prime factors of a - (-2)/(1 - 3)?
3, 47
Let j(w) = 85*w**2 - 8*w - 6. What are the prime factors of j(4)?
2, 661
Suppose 30380 = 21*s + 14*s. List the prime factors of s.
2, 7, 31
Let o(h) = -7*h**2 - h + 4. Let g be o(-3). Let w = g - -95. Let r = w - 2. List the prime factors of r.
37
Suppose -2*i - g = -268, -210 = -i + 3*g - 76. List the prime factors of i.
2, 67
Let r = 546 - 203. Suppose c + 6*c = r. List the prime factors of c.
7
Let v = 4081 - 549. List the prime factors of v.
2, 883
Suppose 0 = 5*v + 2 - 12. Suppose -v = k + 16. Let d = 36 - k. List the prime factors of d.
2, 3
Suppose 3*m - 542 = -m - 2*a, 3*a + 153 = m. List the prime factors of m.
2, 3, 23
Let t(r) = -2*r**3 - 3*r**2 - 2*r - 5. Let l be t(-5). Let p = l - 82. What are the prime factors of p?
2, 7
Let s(f) = 2*f - 6. Let h be s(4). Let d(j) = 2 - 11*j**2 + 2*j**2 + 5*j**2 + 2*j + 6*j**3. List the prime factors of d(h).
2, 19
List the prime factors of ((-6)/(-10))/((-118)/(-168150)).
3, 5, 19
Let w be 1/((-7)/(-3)) - 403/(-7). Let d = -25 + w. List the prime factors of d.
3, 11
Let m(b) = -2*b + 14. Let o be m(5). Suppose f - 4*s + 5 = 0, o*f + s - 6*s = 2. Suppose 169 = 5*v - q + 5*q, -94 = -f*v + 5*q. List the prime factors of v.
3, 11
Let v(z) = -3*z + 38*z**3 + 5*z - 2*z**2 - 1 + 3*z - 3*z. List the prime factors of v(1).
37
Let q(z) = 2*z + 54 - 4*z + z. Let b be q(0). Let c = b - 35. List the prime factors of c.
19
Suppose -4*r = 2*g - g - 208, -2*g = r - 395. Let l = g + -128. What are the prime factors of l?
2, 17
Let l = 2825 + -1655. List the prime factors of l.
2, 3, 5, 13
Let c(r) = -6*r**3 - 2*r**2 - 2*r - 1. Let o be c(-1). Suppose f - 8 = -2*y, 0 = 5*f - o*y - 0 + 5. List the prime factors of (f/(-4))/(12/(-264)).
11
Let d(v) = -7*v + 1. Let h be d(-3). Suppose 4*m - 58 + h = 0. Suppose 2*y = 9 + m. What are the prime factors of y?
3
What are the prime factors of 4 + -1 - (6 + -163)?
2, 5
Let r(f) = -1 - f**3 - 3*f**3 - f**3. Let h be r(1). List the prime factors of (1 + 33)/(h - -7).
2, 17
Let v(w) = 6*w - 9. Let o(j) = j - 1. Let q(i) = 35*o(i) - 5*v(i). What are the prime factors of q(8)?
2, 5
List the prime factors of 538*-2*(-3)/12.
269
Suppose 11*g = 18*g - 8442. List the prime factors of g.
2, 3, 67
Let x be 1 + 0 - (-5 - -2). Suppose p = 5*i + 6, x*i + 130 + 5 = 5*p. List the prime factors of p.
31
Suppose 77 = 3*m + 11. Let y = 24 - m. Suppose 5*p - 290 = 5*v, -2*p - v = y*v - 141. List the prime factors of p.
3, 7
Let n = 87 + -136. Let o = n - -131. What are the prime factors of o?
2, 41
List the prime factors of (-3*(37 + 6))/(6/(-20)).
2, 5, 43
Suppose m + 37 = 38. List the prime factors of (m - -351) + 5/(20/(-12)).
349
Suppose -b = -11*b + 1780. List the prime factors of b.
2, 89
Suppose -286*p + 275*p + 9482 = 0. What are the prime factors of p?
2, 431
What are the prime factors of 16104/14 - (-3)/((-63)/6)?
2, 5, 23
Let c(u) = -2*u**3 - 2*u**2 - 10*u - 15. What are the prime factors of c(-5)?
5, 47
Let s(a) = 18*a + 8. Let z be 1*-1 + 25 + -17. List the prime factors of s(z).
2, 67
What are the prime factors of ((-156)/(-8))/(7/490)?
3, 5, 7, 13
Suppose -14*n + 15*n = 3. Suppose -p - 421 = -n*t + p, -2*p = -2. What are the prime factors of t?
3, 47
Suppose 0 = 6*k - 2*k + 460. Let h = 194 + k. List the prime factors of h.
79
Let b be (2/4)/(1/20). Suppose 12*h = b*h + 78. List the prime factors of h.
3, 13
Suppose 3*h - 2*v - 347 = 0, -6*v = -5*h - 9*v + 553. List the prime factors of h.
113
Let o be 1*2 + -15 + 48. Suppose 5*n + 6*m - m - o = 0, 2*n - 18 = -4*m. List the prime factors of n.
5
Let k = -37 - -34. Let p(b) = 6*b**2 + 2*b + 1. What are the prime factors of p(k)?
7
Suppose -4*z - a - 38 = -2*a, -4*a - 1 = z. What are the prime factors of ((-3)/(-4))/((9/(-152))/z)?
2, 3, 19
Let f(q) = q - 6. Let m be f(8). List the prime factors of 2 + -4 - (0 + -272 - m).
2, 17
Let k(m) = 6*m**2 - 3*m + 1. Let u be (-8 - -2) + 4 + 0. Let n be u/((4/(-3))/2). What are the prime factors of k(n)?
2, 23
Suppose 5*l - 37 = 8. Suppose -9*o + l = -6*o. What are the prime factors of o?
3
Let g be ((-36)/(-45))/(2/10). Let w be -66*3/(-18)*g. Suppose -w = -4*u - 8. What are the prime factors of u?
3
Suppose 10*v - 95 - 1085 = 0. Suppose 354 = 5*a - 2*a + 2*j, j + v = a. What are the prime factors of a?
2, 59
Let j(p) = 48*p - 74. List the prime factors of j(12).
2, 251
Let k = -402 - -706. List the prime factors of k.
2, 19
Suppose 4*n + 2*w - 170 = 0, -14 = -n - 3*w + 16. Let t be 2/(-8) - (-1353)/132. Suppose 5*k = t*k - n. List the prime factors of k.
3
What are the prime factors of -5 + (527 - (-1 + 7))?
2, 3, 43
What are the prime factors of (-54)/(-15)*700/6?
2, 3, 5, 7
Suppose 4*i = -2*b + 172, -b + 2*b - 90 = -4*i. Let u